it of 575413?
1
What is the tens digit of 148959?
5
What is the hundred thousands digit of 620121?
6
What is the units digit of 6265579?
9
What is the ten thousands digit of 2355070?
5
What is the hundreds digit of 22945097?
0
What is the hundred thousands digit of 958831?
9
What is the millions digit of 6190482?
6
What is the units digit of 1493097?
7
What is the units digit of 1325539?
9
What is the tens digit of 18172069?
6
What is the tens digit of 156542?
4
What is the ten thousands digit of 6210431?
1
What is the hundred thousands digit of 9529200?
5
What is the thousands digit of 7320260?
0
What is the hundred thousands digit of 29028131?
0
What is the thousands digit of 7792500?
2
What is the millions digit of 1694876?
1
What is the hundred thousands digit of 10434433?
4
What is the hundred thousands digit of 179901?
1
What is the units digit of 968097?
7
What is the ten thousands digit of 231991?
3
What is the hundreds digit of 246982?
9
What is the tens digit of 851969?
6
What is the ten thousands digit of 8081299?
8
What is the thousands digit of 13321059?
1
What is the tens digit of 2008883?
8
What is the ten millions digit of 16752587?
1
What is the units digit of 294518?
8
What is the hundreds digit of 17138?
1
What is the millions digit of 2413796?
2
What is the hundreds digit of 7942523?
5
What is the thousands digit of 14841107?
1
What is the tens digit of 707077?
7
What is the hundred thousands digit of 6734622?
7
What is the hundreds digit of 113106?
1
What is the units digit of 40370?
0
What is the hundreds digit of 110273?
2
What is the millions digit of 2079225?
2
What is the units digit of 2055917?
7
What is the hundreds digit of 95936?
9
What is the tens digit of 1226038?
3
What is the hundreds digit of 5857134?
1
What is the millions digit of 3833986?
3
What is the hundred thousands digit of 4107837?
1
What is the hundreds digit of 135733?
7
What is the hundreds digit of 293205?
2
What is the hundreds digit of 115942?
9
What is the units digit of 2296610?
0
What is the tens digit of 1700852?
5
What is the millions digit of 6685124?
6
What is the units digit of 1558054?
4
What is the units digit of 56379?
9
What is the hundreds digit of 1802023?
0
What is the units digit of 294652?
2
What is the thousands digit of 90100?
0
What is the hundred thousands digit of 567767?
5
What is the hundreds digit of 137953?
9
What is the thousands digit of 334964?
4
What is the hundred thousands digit of 738304?
7
What is the units digit of 1340969?
9
What is the units digit of 91229?
9
What is the tens digit of 111192?
9
What is the units digit of 8343225?
5
What is the tens digit of 19207774?
7
What is the hundred thousands digit of 6085376?
0
What is the units digit of 7905596?
6
What is the units digit of 159727?
7
What is the tens digit of 200695?
9
What is the ten thousands digit of 949004?
4
What is the units digit of 162625?
5
What is the tens digit of 152779?
7
What is the hundreds digit of 520783?
7
What is the ten thousands digit of 462220?
6
What is the hundreds digit of 6237784?
7
What is the units digit of 137569?
9
What is the ten thousands digit of 1877182?
7
What is the tens digit of 3436121?
2
What is the tens digit of 1255730?
3
What is the units digit of 332891?
1
What is the ten thousands digit of 6713886?
1
What is the units digit of 1404825?
5
What is the ten millions digit of 16053850?
1
What is the units digit of 13695686?
6
What is the hundreds digit of 2915336?
3
What is the ten thousands digit of 130752?
3
What is the units digit of 211405?
5
What is the tens digit of 349872?
7
What is the tens digit of 10769651?
5
What is the units digit of 555283?
3
What is the hundreds digit of 5702346?
3
What is the ten thousands digit of 348209?
4
What is the millions digit of 9665384?
9
What is the thousands digit of 183196?
3
What is the hundred thousands digit of 2040793?
0
What is the units digit of 2882055?
5
What is the thousands digit of 8719?
8
What is the tens digit of 2089985?
8
What is the ten thousands digit of 594879?
9
What is the thousands digit of 319718?
9
What is the tens digit of 26577156?
5
What is the units digit of 1367338?
8
What is the ten thousands digit of 2328627?
2
What is the millions digit of 39496089?
9
What is the hundreds digit of 8516643?
6
What is the hundreds digit of 120762?
7
What is the units digit of 125355?
5
What is the hundred thousands digit of 413742?
4
What is the ten thousands digit of 253378?
5
What is the units digit of 4757619?
9
What is the units digit of 16329536?
6
What is the units digit of 73326?
6
What is the hundreds digit of 1144132?
1
What is the hundred thousands digit of 242962?
2
What is the tens digit of 21509881?
8
What is the hundred thousands digit of 892317?
8
What is the hundred thousands digit of 13301611?
3
What is the ten thousands digit of 10775262?
7
What is the hundred thousands digit of 7257912?
2
What is the hundred thousands digit of 444089?
4
What is the hundred thousands digit of 534396?
5
What is the thousands digit of 379730?
9
What is the units digit of 6326046?
6
What is the hundreds digit of 93159?
1
What is the tens digit of 831223?
2
What is the thousands digit of 12482624?
2
What is the tens digit of 431862?
6
What is the hundred thousands digit of 274495?
2
What is the millions digit of 6106219?
6
What is the tens digit of 5996444?
4
What is the ten thousands digit of 1838044?
3
What is the millions digit of 31574181?
1
What is the units digit of 802893?
3
What is the tens digit of 3537666?
6
What is the hundred thousands digit of 2238336?
2
What is the hundred thousands digit of 240041?
2
What is the units digit of 4437554?
4
What is the units digit of 2027578?
8
What is the units digit of 597516?
6
What is the thousands digit of 30881064?
1
What is the units digit of 8166574?
4
What is the tens digit of 7456112?
1
What is the thousands digit of 137015?
7
What is the tens digit of 13237021?
2
What is the hundred thousands digit of 8344947?
3
What is the tens digit of 291793?
9
What is the units digit of 354940?
0
What is the units digit of 204672?
2
What is the hundreds digit of 1984671?
6
What is the hundreds digit of 1832682?
6
What is the hundred thousands digit of 499919?
4
What is the tens digit of 55631?
3
What is the tens digit of 8552302?
0
What is the hundreds digit of 22529747?
7
What is the ten thousands digit of 1083508?
8
What is the units digit of 2284537?
7
What is the thousands digit of 8446128?
6
What is the ten thousands digit of 369480?
6
What is the units digit of 575907?
7
What is the tens digit of 306832?
3
What is the hundreds digit of 3891508?
5
What is the units digit of 1713946?
6
What is the hundred thousands digit of 24742017?
7
What is the tens digit of 83577?
7
What is the units digit of 365899?
9
What is the ten thousands digit of 2569757?
6
What is the ten thousands digit of 11511072?
1
What is the ten thousands digit of 248384?
4
What is the units digit of 10990857?
7
What is the thousands digit of 3262562?
2
What is the ten millions digit of 10298732?
1
What is the hundreds digit of 417786?
7
What is the ten thousands digit of 13574799?
7
What is the hundreds digit of 948742?
7
What is the thousands digit of 527447?
7
What is the tens digit of 631355?
5
What is the units digit of 11996035?
5
What is the ten thousands digit of 20512016?
1
What is the thousands digit of 30266194?
6
What is the units digit of 174463?
3
What is the ten thousands digit of 32231000?
3
What is the tens digit of 616212?
1
What is the hundred thousands digit of 932237?
9
What is the ten millions digit of 26722880?
2
What is the hundred thousands digit of 532680?
5
What is the millions digit of 4929303?
4
What is the hundred thousands digit of 735638?
7
What is the hundreds digit of 200783?
7
What is the units digit of 2299215?
5
What is the units digit of 6778738?
8
What is the units digit of 3247367?
7
What is the hundreds digit of 4177288?
2
What is the tens digit of 251691?
9
What is the units digit of 11343?
3
What is the units digit of 301934?
4
What is the tens digit of 14897254?
5
What is the hundreds digit of 2456105?
1
What is the tens digit of 1022955?
5
What is the hundred thousands digit of 345117?
3
What is